pose 0 = -5*n - 12 - 3. Let r be 8 - (n + (3 - -1)). Let w be z(r). Calculate the greatest common factor of 9 and w.
3
Let o be (18 - 13) + (2 - 0 - -1). Let l be 3 + 2 - (-16 + 21) - -24. Calculate the greatest common factor of l and o.
8
Let l = 10 + -8. Let v be ((-36)/27)/(-3*l/9). Let q = 16 + -14. Calculate the highest common factor of v and q.
2
Suppose 203 + 55 = 3*r. Suppose r + 82 = 6*k. Let s be ((-84)/8)/((-1)/2*3). What is the greatest common factor of k and s?
7
Let o be 2 + 51 - (-4)/(-2). Let l = -31675 - -31709. Calculate the highest common factor of o and l.
17
Suppose 7*l = 4*l + 987. Let w = l + -86. Calculate the highest common divisor of 9 and w.
9
Suppose -y = -44 - 49. Suppose 0 = 2*m + z - y, 0*m - 204 = -4*m + 4*z. Suppose -24 = -19*w + 17*w. Calculate the highest common divisor of m and w.
12
Let u(r) = r**3 + 2*r**2 - r + 1. Let i be u(-3). Let l be (((-144)/21)/(-4))/(i/(-210)). What is the greatest common divisor of 54 and l?
18
Let i(h) = 429*h - 382*h + 3 - 31 - 19 - 77. Let b be i(3). Let z(x) = 13*x - 1. Let t be z(4). Calculate the greatest common factor of b and t.
17
Suppose 3*y - 2*j - 275 = 0, 0 = 5*y + j + 5 - 485. Suppose -210*x + 746*x - 68400 = -1081*x - 183*x. Calculate the highest common divisor of y and x.
19
Let s = -15960 - -15962. Calculate the highest common factor of 13406 and s.
2
Let v be (228/(-36))/(1/12). Let y = v - -70. Let o(g) = g**3 + 7*g**2 - 7*g - 3. Let i be o(y). Calculate the highest common factor of i and 25.
25
Suppose 0 = 4*o - 3 + 23. Let v be (-96)/(-8)*o/(-3). Let s be ((-126)/10)/((-6)/v). Calculate the highest common divisor of s and 21.
21
Let l = 194 + -197. Let j(d) = -d**3 - d**2 - 5*d + 7. Let y be j(l). Suppose 5*r - 17 - 143 = 0. What is the greatest common factor of r and y?
8
Let l = -42166 + 42199. Calculate the greatest common divisor of l and 10263.
33
Suppose -5*c + 4*f - 358 + 860 = 0, 0 = c + 2*f - 92. Calculate the greatest common divisor of c and 18.
2
Suppose -d = 5*n - 75, -5*n - 2*d + 75 = -0*n. Suppose -n*a = -4*a - 1650. Suppose -6*y = -a + 6. What is the highest common divisor of y and 3?
3
Let z be 1360/(-12)*((-117)/15)/13. What is the highest common divisor of z and 153?
17
Suppose 0 = -17*j + 336 + 191. Suppose 2*d + j = 4*f - 23, -5*f + d = -75. Suppose 4*x - 2*x = 80. Calculate the greatest common factor of x and f.
8
Let x be ((-7560)/(-81))/((-12)/(-18)). Calculate the highest common factor of x and 4970.
70
Let g = 5831 + -5797. Calculate the highest common factor of 4352 and g.
34
Let y be 47/4 - (-12)/(-16). Suppose -7*t + y + 31 = 0. Suppose -18 = -3*g + 4*m, -2*g = 2*m - 7*m - 12. Calculate the greatest common factor of g and t.
6
Let w = -85 + 124. Suppose -6*h + 531 = 53*h. Calculate the highest common divisor of h and w.
3
Let f(n) = -2366*n + 8. Let k be f(10). Let y be k/(-189) - (-1)/(-7). What is the highest common factor of 50 and y?
25
Let o be -2*1*(-16 + -16 + -2). Let t = -84 + 19. Let q = t + o. What is the highest common divisor of 9 and q?
3
Let r be -1 + (-45)/(-27) - 838/(-3). Calculate the highest common factor of 5 and r.
5
Let z(y) = -y**2 + 130*y + 4496. Let c be z(158). What is the highest common factor of 75528 and c?
72
Let i = 174 + -53. Suppose i*k = 118*k + 27. What is the greatest common divisor of k and 207?
9
Suppose u + 4*c = 201 + 515, -5*c - 1497 = -2*u. Suppose -u + 166 = -2*a. Calculate the highest common divisor of 30 and a.
15
Let j be 69 + (2 - 1) + 3 + 0. Suppose -31 = -2*c + j. Suppose 81 = 2*v - 3*p, 36 = 3*v - 2*v + 3*p. Calculate the greatest common factor of v and c.
13
Let k = -142 - -150. Let w(t) = -t**2 + 23*t - 68. Let v be w(k). Calculate the highest common factor of 13 and v.
13
Let g = 22404 + -21936. What is the greatest common factor of 1066 and g?
26
Let o(b) = -91*b**2 - b - 3. Let n be o(-1). Let j = n - -147. What is the greatest common divisor of j and 36?
18
Let t = 10274 - 8441. Calculate the highest common divisor of t and 235.
47
Let t be 111*((-985)/(-105) - 14/(-49)). Calculate the highest common factor of t and 145.
29
Suppose g = -24 - 9. Let u = -43 + 31. Let x be g/u*80/5. What is the highest common divisor of 4 and x?
4
Let b(y) = 3*y**3 - 30*y**2 - 35*y + 17. Let s be b(15). Calculate the highest common factor of s and 122.
61
Suppose q + 393 = 4*k - 0*k, -3*k + 2*q + 296 = 0. Let a(z) = z**2 + 5*z + 7. Let d be a(-3). Let m = d - -13. Calculate the highest common divisor of k and m.
14
Let c be 20162/102 - 2/(-6). Let w = c + -174. What is the greatest common divisor of w and 36?
12
Suppose 865 = 15*r - 860. Let q be ((-828)/r)/((-4)/30). Let v(a) = 4*a**3 - 2*a**2 + 2*a - 1. Let j be v(2). Calculate the highest common divisor of j and q.
27
Suppose -4*c - 3*d = 53, 2*d = c - 2*d + 18. Let b be (-8)/28 + (-102)/c - -3. What is the highest common divisor of 230 and b?
10
Let j be ((-180796)/(-49) - -2)/(2/14). Calculate the highest common factor of j and 708.
354
Suppose -205*f + 181*f + 17736 = 0. Let g = f + -723. Suppose -a - a + 38 = 2*w, -4*a = 20. What is the greatest common factor of g and w?
8
Let z = 5419 - 5395. Calculate the highest common divisor of z and 906.
6
Let s(k) = 31*k + 257. Let o be s(-8). Let p(v) = -3*v + 60. Let r be p(17). What is the greatest common factor of r and o?
9
Let s be (2*(-4 - -636))/(0 - (-3 + 2)). Calculate the greatest common divisor of 2686 and s.
158
Let z be (14/(-4))/(2/(-4)). Let v = -143 + 115. Let m be v/(-196) + (-12)/(-14). What is the greatest common divisor of m and z?
1
Let g be 480/50 + 5 + 4/10. Suppose -157 + 1065 = -4*u. Let y = -137 - u. What is the highest common divisor of y and g?
15
Suppose -378 = -2*y + x, 0*y + x = -3*y + 572. Suppose 6*v = 5*v - y. Let l be v/(-6) - 2/3. What is the highest common factor of 62 and l?
31
Suppose -38*b - 2637 - 8269 = 0. Let l = 293 + b. What is the greatest common factor of 66 and l?
6
Suppose u - 5*w = 1010, 569*u - 568*u + w - 1064 = 0. Calculate the greatest common divisor of u and 45.
5
Let o be (408/180)/17 + 8576/30. What is the highest common divisor of o and 198?
22
Suppose -2*y + 36 = -154. Suppose 4*t - 8*t = -676. Let s = 207 - t. What is the greatest common factor of y and s?
19
Let h = 30 + 74. Suppose 0 = -p - 6*p + 273. What is the highest common divisor of p and h?
13
Suppose -3*o = -4*q + 10457 + 16965, 0 = -q - 4*o + 6884. Calculate the greatest common divisor of q and 70.
70
Let n = 14 + -6. Let m be ((-8)/16)/(1/(-48))*n. What is the greatest common factor of 144 and m?
48
Let x be (-8 + 4)*(-75)/1. Let r = x - 257. What is the highest common factor of 516 and r?
43
Suppose 7*r - 3*r - 512 = 0. Let q be (-340)/(-7) + 3/(-21)*4. Calculate the highest common factor of q and r.
16
Suppose 7*r - 50 = -3*r. Let d be (-12)/60 + (-69)/r. Let u be (-49)/d + (3 - (-21)/(-6)). What is the greatest common divisor of u and 1?
1
Let h(k) = k**2 - 2*k - 2. Let r be (-6)/2 - (2 - 0). Let b be h(r). Suppose 1782 = -653*y + 734*y. What is the highest common divisor of y and b?
11
Let w = 266 + -264. Let s be ((-105)/42)/(w/(-4)). Suppose 13 + 62 = 5*g. What is the greatest common factor of s and g?
5
Let c(t) = -7*t - 58. Suppose -148 - 34 = 13*z. Let r be c(z). Let i be ((-2)/3)/(2/(-30)). What is the greatest common divisor of i and r?
10
Suppose 118*q = -18*q + 120224. What is the greatest common factor of 832 and q?
52
Let j(y) = -y**3 - 5*y**2 - 14*y - 22. Let g be (78/(-104))/((-2)/(-8)). Let v be j(g). What is the greatest common factor of v and 19?
1
Suppose 435 = -1650*w + 1665*w. Let g(t) = t**2 - 2*t - 4. Let u be g(4). Let a be 576/10 + u/10. What is the greatest common divisor of a and w?
29
Suppose 0 = -p - 4*p + 135. Suppose -3*c - p = -426. Calculate the greatest common factor of 7 and c.
7
Suppose 2*y = 5*b + 520, 220*y + 4*b + 1300 = 225*y. What is the greatest common divisor of y and 340?
20
Let r be 535/25 - 6/15. Suppose -27*k + r*k + 924 = 0. Suppose -4*x = -7 - 13, -3*x = -5*f + 55. What is the greatest common factor of k and f?
14
Let r be 54 + ((-6)/(-8)*8)/(-1). Let y be 9/72 + 810/r. Calculate the highest common factor of y and 68.
17
Let k = 1129 + -634. Let d = 140 + -95. What is the highest common factor of d and k?
45
Suppose 84*n